{"id":12,"date":"2026-01-17T20:17:38","date_gmt":"2026-01-17T20:17:38","guid":{"rendered":"https:\/\/livsform.dk\/?page_id=12"},"modified":"2026-01-17T20:38:40","modified_gmt":"2026-01-17T20:38:40","slug":"home","status":"publish","type":"page","link":"https:\/\/livsform.dk\/","title":{"rendered":"Livsform"},"content":{"rendered":"\n<p><\/p>\n\n\n\n<p class=\"has-text-align-center\"><strong>Livsform er den m\u00e5de, et menneske b\u00e6rer sit liv p\u00e5.<\/strong><\/p>\n\n\n\n<p class=\"has-text-align-center\">Ikke det liv, der kan m\u00e5les eller forklares, men det liv, der langsomt tager form gennem valg, tab, gentagelser og stilhed.<\/p>\n\n\n\n<p class=\"has-text-align-center\">Livsform viser sig ikke i det, vi siger, men i den m\u00e5de, vi st\u00e5r i verden p\u00e5, n\u00e5r ingen ser.<\/p>\n\n\n\n<p class=\"has-text-align-center\">Et menneskes livsform \u00e6ndrer sig.<br>Den formes af det, vi elsker, og det, vi overlever. Af det, vi t\u00f8r blive i, og det, vi en dag m\u00e5 give slip p\u00e5.<\/p>\n\n\n\n<p class=\"has-text-align-center\">Man kan leve l\u00e6nge uden at kende sin livsform. Og man kan m\u00f8de den pludseligt, i et \u00f8jebliks klarhed, hvor noget falder p\u00e5 plads, uden at blive forklaret.<\/p>\n\n\n\n<p class=\"has-text-align-center\">Livsform er ikke en metode. Det er et udtryk.<\/p>\n\n\n\n<p class=\"has-text-align-center\">Og den tager tid.<\/p>\n\n\n\n<p><\/p>\n\n\n\n<p><\/p>\n","protected":false},"excerpt":{"rendered":"<p>Livsform er den m\u00e5de, et menneske b\u00e6rer sit liv p\u00e5. Ikke det liv, der kan m\u00e5les eller forklares, men det liv, der langsomt tager form gennem valg, tab, gentagelser og stilhed. Livsform viser sig ikke i det, vi siger, men i den m\u00e5de, vi st\u00e5r i verden p\u00e5, n\u00e5r ingen ser. Et menneskes livsform \u00e6ndrer [&hellip;]<\/p>\n","protected":false},"author":1,"featured_media":0,"parent":0,"menu_order":0,"comment_status":"closed","ping_status":"closed","template":"","meta":{"footnotes":""},"class_list":["post-12","page","type-page","status-publish","hentry"],"yoast_head":"<!-- This site is optimized with the Yoast SEO plugin v26.9 - https:\/\/yoast.com\/product\/yoast-seo-wordpress\/ -->\n<title>Livsform - Livsform<\/title>\n<meta name=\"robots\" content=\"index, follow, max-snippet:-1, max-image-preview:large, max-video-preview:-1\" \/>\n<link rel=\"canonical\" href=\"https:\/\/livsform.dk\/\" \/>\n<meta property=\"og:locale\" content=\"da_DK\" \/>\n<meta property=\"og:type\" content=\"article\" \/>\n<meta property=\"og:title\" content=\"Livsform - Livsform\" \/>\n<meta property=\"og:description\" content=\"Livsform er den m\u00e5de, et menneske b\u00e6rer sit liv p\u00e5. Ikke det liv, der kan m\u00e5les eller forklares, men det liv, der langsomt tager form gennem valg, tab, gentagelser og stilhed. Livsform viser sig ikke i det, vi siger, men i den m\u00e5de, vi st\u00e5r i verden p\u00e5, n\u00e5r ingen ser. Et menneskes livsform \u00e6ndrer [&hellip;]\" \/>\n<meta property=\"og:url\" content=\"https:\/\/livsform.dk\/\" \/>\n<meta property=\"og:site_name\" content=\"Livsform\" \/>\n<meta property=\"article:modified_time\" content=\"2026-01-17T20:38:40+00:00\" \/>\n<meta name=\"twitter:card\" content=\"summary_large_image\" \/>\n<meta name=\"twitter:label1\" content=\"Estimeret l\u00e6setid\" \/>\n\t<meta name=\"twitter:data1\" content=\"1 minut\" \/>\n<script type=\"application\/ld+json\" class=\"yoast-schema-graph\">{\"@context\":\"https:\/\/schema.org\",\"@graph\":[{\"@type\":\"WebPage\",\"@id\":\"https:\/\/livsform.dk\/\",\"url\":\"https:\/\/livsform.dk\/\",\"name\":\"Livsform - Livsform\",\"isPartOf\":{\"@id\":\"https:\/\/livsform.dk\/#website\"},\"datePublished\":\"2026-01-17T20:17:38+00:00\",\"dateModified\":\"2026-01-17T20:38:40+00:00\",\"breadcrumb\":{\"@id\":\"https:\/\/livsform.dk\/#breadcrumb\"},\"inLanguage\":\"da-DK\",\"potentialAction\":[{\"@type\":\"ReadAction\",\"target\":[\"https:\/\/livsform.dk\/\"]}]},{\"@type\":\"BreadcrumbList\",\"@id\":\"https:\/\/livsform.dk\/#breadcrumb\",\"itemListElement\":[{\"@type\":\"ListItem\",\"position\":1,\"name\":\"Hjem\",\"item\":\"https:\/\/livsform.dk\/\"},{\"@type\":\"ListItem\",\"position\":2,\"name\":\"Livsform\"}]},{\"@type\":\"WebSite\",\"@id\":\"https:\/\/livsform.dk\/#website\",\"url\":\"https:\/\/livsform.dk\/\",\"name\":\"Livsform\",\"description\":\"Et sted at finde form i livet\",\"potentialAction\":[{\"@type\":\"SearchAction\",\"target\":{\"@type\":\"EntryPoint\",\"urlTemplate\":\"https:\/\/livsform.dk\/?s={search_term_string}\"},\"query-input\":{\"@type\":\"PropertyValueSpecification\",\"valueRequired\":true,\"valueName\":\"search_term_string\"}}],\"inLanguage\":\"da-DK\"}]}<\/script>\n<!-- \/ Yoast SEO plugin. -->","yoast_head_json":{"title":"Livsform - Livsform","robots":{"index":"index","follow":"follow","max-snippet":"max-snippet:-1","max-image-preview":"max-image-preview:large","max-video-preview":"max-video-preview:-1"},"canonical":"https:\/\/livsform.dk\/","og_locale":"da_DK","og_type":"article","og_title":"Livsform - Livsform","og_description":"Livsform er den m\u00e5de, et menneske b\u00e6rer sit liv p\u00e5. Ikke det liv, der kan m\u00e5les eller forklares, men det liv, der langsomt tager form gennem valg, tab, gentagelser og stilhed. Livsform viser sig ikke i det, vi siger, men i den m\u00e5de, vi st\u00e5r i verden p\u00e5, n\u00e5r ingen ser. Et menneskes livsform \u00e6ndrer [&hellip;]","og_url":"https:\/\/livsform.dk\/","og_site_name":"Livsform","article_modified_time":"2026-01-17T20:38:40+00:00","twitter_card":"summary_large_image","twitter_misc":{"Estimeret l\u00e6setid":"1 minut"},"schema":{"@context":"https:\/\/schema.org","@graph":[{"@type":"WebPage","@id":"https:\/\/livsform.dk\/","url":"https:\/\/livsform.dk\/","name":"Livsform - Livsform","isPartOf":{"@id":"https:\/\/livsform.dk\/#website"},"datePublished":"2026-01-17T20:17:38+00:00","dateModified":"2026-01-17T20:38:40+00:00","breadcrumb":{"@id":"https:\/\/livsform.dk\/#breadcrumb"},"inLanguage":"da-DK","potentialAction":[{"@type":"ReadAction","target":["https:\/\/livsform.dk\/"]}]},{"@type":"BreadcrumbList","@id":"https:\/\/livsform.dk\/#breadcrumb","itemListElement":[{"@type":"ListItem","position":1,"name":"Hjem","item":"https:\/\/livsform.dk\/"},{"@type":"ListItem","position":2,"name":"Livsform"}]},{"@type":"WebSite","@id":"https:\/\/livsform.dk\/#website","url":"https:\/\/livsform.dk\/","name":"Livsform","description":"Et sted at finde form i livet","potentialAction":[{"@type":"SearchAction","target":{"@type":"EntryPoint","urlTemplate":"https:\/\/livsform.dk\/?s={search_term_string}"},"query-input":{"@type":"PropertyValueSpecification","valueRequired":true,"valueName":"search_term_string"}}],"inLanguage":"da-DK"}]}},"_links":{"self":[{"href":"https:\/\/livsform.dk\/index.php\/wp-json\/wp\/v2\/pages\/12","targetHints":{"allow":["GET"]}}],"collection":[{"href":"https:\/\/livsform.dk\/index.php\/wp-json\/wp\/v2\/pages"}],"about":[{"href":"https:\/\/livsform.dk\/index.php\/wp-json\/wp\/v2\/types\/page"}],"author":[{"embeddable":true,"href":"https:\/\/livsform.dk\/index.php\/wp-json\/wp\/v2\/users\/1"}],"replies":[{"embeddable":true,"href":"https:\/\/livsform.dk\/index.php\/wp-json\/wp\/v2\/comments?post=12"}],"version-history":[{"count":6,"href":"https:\/\/livsform.dk\/index.php\/wp-json\/wp\/v2\/pages\/12\/revisions"}],"predecessor-version":[{"id":51,"href":"https:\/\/livsform.dk\/index.php\/wp-json\/wp\/v2\/pages\/12\/revisions\/51"}],"wp:attachment":[{"href":"https:\/\/livsform.dk\/index.php\/wp-json\/wp\/v2\/media?parent=12"}],"curies":[{"name":"wp","href":"https:\/\/api.w.org\/{rel}","templated":true}]}}